mber?
False
Is 2902178827 composite?
False
Is 10690557089 a composite number?
True
Is 61580247497 composite?
True
Is 9080605 composite?
True
Is 15266369579 a composite number?
True
Is 1172646533 composite?
True
Is 277766087 composite?
False
Is 61772384183 a prime number?
False
Is 106087111 a prime number?
False
Is 5570699149 a prime number?
False
Is 103787384807 a prime number?
False
Is 216956155917 prime?
False
Is 19751110763 a composite number?
False
Is 501690526 a composite number?
True
Is 6420754567 prime?
True
Is 16004551309 prime?
True
Is 313167320483 composite?
False
Is 31682109259 prime?
False
Is 37034129 a prime number?
False
Is 26952301661 a composite number?
False
Is 700067983 a composite number?
True
Is 391611319 a prime number?
False
Is 42348647801 composite?
False
Is 156047729977 prime?
True
Is 748588187 composite?
False
Is 114807919 prime?
False
Is 714032237 a composite number?
False
Is 493539299 prime?
False
Is 1302965669 prime?
True
Is 104025661 a composite number?
False
Is 577399723 a composite number?
False
Is 4054417787 prime?
False
Is 2306489587 prime?
True
Is 2610418523 prime?
True
Is 3055520945 prime?
False
Is 11933841749 a prime number?
False
Is 2344926451 composite?
True
Is 19510516371 composite?
True
Is 197423773 prime?
True
Is 25497303087 a composite number?
True
Is 291887513 a prime number?
False
Is 6053487911 a composite number?
False
Is 1239383099 prime?
True
Is 4015249669 composite?
True
Is 901899407 composite?
False
Is 1656628349 a prime number?
True
Is 40623535811 a prime number?
False
Is 1220236463 a composite number?
True
Is 3171902117 composite?
False
Is 38778460919 composite?
True
Is 647626669 composite?
False
Is 21749601 prime?
False
Is 870767531 composite?
False
Is 210010219 composite?
False
Is 1332568423 composite?
True
Is 4239743227 a prime number?
False
Is 51139042657 a composite number?
False
Is 5685092915 a prime number?
False
Is 5750364889 a composite number?
True
Is 10102152833 composite?
False
Is 4503467189 prime?
False
Is 451231237 a prime number?
True
Is 1306808099 a prime number?
True
Is 2728485901 composite?
True
Is 29270383 prime?
True
Is 46571009413 a prime number?
True
Is 485716687 a composite number?
False
Is 11800756691 prime?
True
Is 24336827 composite?
False
Is 13844157623 composite?
False
Is 10518157823 a composite number?
True
Is 10177740497 a prime number?
True
Is 234721819 a composite number?
False
Is 1581160081 composite?
False
Is 55675051 a prime number?
False
Is 4563896903 composite?
False
Is 230769829 prime?
False
Is 76624556819 a composite number?
True
Is 29746320609 a prime number?
False
Is 48055651409 a prime number?
False
Is 11593445807 a composite number?
False
Is 1883517463 a prime number?
True
Is 271312289 composite?
False
Is 21325601749 composite?
False
Is 3119935279 prime?
True
Is 2777843429 a prime number?
True
Is 91571479 a prime number?
True
Is 40505867 a prime number?
False
Is 41459609683 prime?
True
Is 352958369 prime?
False
Is 25948766797 prime?
False
Is 140281515883 a prime number?
True
Is 2708114531 composite?
False
Is 767333747 composite?
True
Is 49175205899 a composite number?
True
Is 232426729 prime?
False
Is 2257575127 composite?
True
Is 529675375195 a prime number?
False
Is 678032517 composite?
True
Is 25105777 a composite number?
False
Is 6106180813 a prime number?
False
Is 73683809 a prime number?
False
Is 14730187669 a prime number?
True
Is 6263229529 composite?
False
Is 870895943 a prime number?
False
Is 3286026059 a prime number?
True
Is 3144397006 prime?
False
Is 102867877121 composite?
False
Is 3819656663 a composite number?
False
Is 4423784791 prime?
False
Is 66121244807 composite?
False
Is 126831833 a prime number?
True
Is 27924943 composite?
False
Is 99609380071 composite?
False
Is 488727887 prime?
True
Is 5238420623 a prime number?
False
Is 376230877 prime?
False
Is 1299177863 composite?
False
Is 64144187269 a composite number?
True
Is 63571642763 a composite number?
True
Is 14288895601 a composite number?
True
Is 7428171461 a prime number?
True
Is 52115082181 prime?
True
Is 12796437245 prime?
False
Is 7917479617 a composite number?
False
Is 17759028347 a composite number?
False
Is 633342673 prime?
False
Is 29122239571 composite?
True
Is 13932560518 a prime number?
False
Is 12658030727 a composite number?
True
Is 896782613 a prime number?
True
Is 8632841549 prime?
True
Is 20753017 composite?
False
Is 20632981963 prime?
False
Is 1554743467 a composite number?
True
Is 15729472774 a prime number?
False
Is 9111258983 composite?
True
Is 1665914089 prime?
False
Is 21564783839 a prime number?
False
Is 714437653 composite?
False
Is 26123117557 a composite number?
False
Is 4476052483 composite?
True
Is 38139510239 a composite number?
False
Is 343722083 composite?
False
Is 15081568757 a prime number?
True
Is 2688050465 composite?
True
Is 4639375607 a composite number?
True
Is 50245254157 prime?
False
Is 717776257 a composite number?
True
Is 26091898897 prime?
False
Is 1875177193 a composite number?
False
Is 4121571889 prime?
True
Is 9026294239 a composite number?
True
Is 952766531 composite?
True
Is 1467573473 composite?
False
Is 36908374409 a composite number?
False
Is 6414761635 composite?
True
Is 11946718943 composite?
True
Is 2908123249 prime?
False
Is 2716949837 composite?
True
Is 78959805313 a prime number?
False
Is 140729558077 a composite number?
False
Is 3961477781 a prime number?
True
Is 10911115363 a composite number?
True
Is 74670518959 prime?
False
Is 77511634811 a prime number?
False
Is 20012288039 composite?
False
Is 1420745683 composite?
True
Is 130134343787 composite?
True
Is 45869336531 a composite number?
False
Is 871771279 a composite number?
False
Is 730147081 a composite number?
False
Is 675907381 prime?
True
Is 1418814473 a composite number?
True
Is 22866647131 composite?
False
Is 207288937 prime?
False
Is 513884657471 prime?
False
Is 612228689 prime?
False
Is 24663395851 a prime number?
False
Is 354904831 composite?
True
Is 4083604307 a composite number?
False
Is 28158895339 a composite number?
True
Is 2925511 a composite number?
False
Is 12373387969 composite?
False
Is 3548947231 a composite number?
False
Is 451935259 composite?
True
Is 397453417 composite?
False
Is 7816597343 a prime number?
False
Is 346108537 a composite number?
True
Is 6584839601 a composite number?
True
Is 4216569586 composite?
True
Is 7280263 a prime number?
True
Is 2058578927 a prime number?
False
Is 2807733983 composite?
False
Is 46030599497 prime?
True
Is 249711917501 composite?
False
Is 2273730889 a prime number?
False
Is 31886733194 prime?
False
Is 1216354193 a prime number?
True
Is 3166073 a composite number?
True
Is 1545061549 composite?
False
Is 3062326945 composite?
True
Is 880113203 a prime number?
True
Is 3575292509 prime?
True
Is 137089826015 prime?
False
Is 835122611 composite?
False
Is 668007661 prime?
True
Is 28979969779 prime?
False
Is 1985028263 a prime number?
False
Is 21231143 prime?
True
Is 123118061383 prime?
False
Is 124679729051 prime?
False
Is 3180990347 composite?
False
Is 6296943223 a composite number?
False
Is 3428486791 a composite number?
True
Is 1033753139 prime?
True
Is 21374225557 a prime number?
False
Is 314827519463 a prime number?
True
Is 1477315549 a prime number?
True
Is 8286664201 a composite number?
True
Is 1372076911 composite?
True
Is 4333059827 prime?
True
Is 7719399833 a composite number?
False
Is 2681321653 composite?
True
Is 43343669 a composite number?
False
Is 98786670137 prime?
True
Is 26712187 a composite number?
True
Is 11116517051 a composite number?
False
Is 63148489427 a composite number?
False
Is 127886150839 prime?
True
Is 1597480553 a composite number?
False
Is 1364134841 a composite number?
True
Is 1000537267 a composite number?
False
Is 601684691 a composite number?
False
Is 185170283 composite?
False
Is 16675388501 prime?
True
Is 830166739 a composite number?
True
Is 203010096467 a prime number?
True
Is 12785807533 prime?
False
Is 53789581661 composite?
True
Is 4814209507 a prime number?
False
Is 143658637 prime?
True
Is 3086588173 a composite number?
True
Is 586439588539 prime?
False
Is 3155396813 a prime number?
True
Is 135570605647 composite?
False
Is 6135617965 prime?
False
Is 140184209 compos